 6*h. Let i(t) = t**3 - 4*t**2 + 6. Let p be ((-3)/6)/(3/(-24)). Let v be i(p). What is d(v)?
0
Let w(i) be the first derivative of 0*i + 18 - 8/3*i**3 + 0*i**2. Suppose -5*g + 1 = -4*q + 20, -3*g - 8 = q. Give w(q).
-8
Suppose 21*i - 129 = -22*i. Let h(x) = -1 - 3*x + 5 - 3. Determine h(i).
-8
Suppose 336 = 247*n - 71*n + 160*n. Let g(f) = -143*f**3 + f**2 + f - 1. Determine g(n).
-142
Let n(s) = 2*s + 10. Suppose 235 + 5 = 2*g. Let f = g + -127. What is n(f)?
-4
Let r(m) = -5*m**2 - 4. Let g(n) = n**2 + 1. Let u = -171 + 170. Let p(b) = u*r(b) - 6*g(b). Calculate p(0).
-2
Let p(o) = -o + 25. Let s(x) = -4*x + 450. Let z be s(109). Give p(z).
11
Let i(q) = -5 + 1 + 2 - 2*q - 3. Suppose -1638 + 1824 = -31*h. What is i(h)?
7
Let s(a) = 2*a**3 + 71*a**2 + 492*a - 14. Let h be s(-26). Let v(y) = y**3 - 37*y**2 - 40*y + 63. Calculate v(h).
-13
Let x(h) be the first derivative of -h**3 + 13*h**2 - 37*h - 961. What is x(6)?
11
Let h = 92 - 103. Let u(d) = -19*d**2 - 36*d + 5. Let s(n) = 7*n**2 + 12*n - 3. Let l(q) = -8*s(q) - 3*u(q). Determine l(h).
-2
Let h(i) be the third derivative of -i**5/60 + i**4/3 - i**3/6 + 5*i**2 - 81*i. What is h(8)?
-1
Let i(o) = -o - 44. Let m be ((-63)/12)/(-7) + (-72)/96. Calculate i(m).
-44
Let k(p) be the third derivative of -p**6/144 - p**5/120 - p**4/12 - p**3 + 2*p**2 + 35. Let z(c) be the second derivative of k(c). Give z(2).
-11
Let j(g) be the first derivative of -g**4/4 - 7*g**3/3 - 3*g**2 - 6*g - 1. Let v be (2 - 3) + (-105)/28*-4. Suppose -23*t - 54 = -v*t. Determine j(t).
-6
Suppose 8 = 2*k + 6*k. Let w(b) = -4 + k - 314*b + 313*b. Give w(4).
-7
Let d(j) = -5*j**3 + 17*j**2 - 9*j + 6. Let x(t) = 9*t**3 - 32*t**2 + 17*t - 11. Let b(a) = -11*d(a) - 6*x(a). Determine b(-4).
28
Suppose 6*a = 11*a + 2*b - 75, -5*a = -4*b - 45. Let l(s) = -6*s + 73. Let q be l(a). Let i(m) = -m**3 - 5*m**2. Calculate i(q).
0
Let d(x) be the third derivative of -x**4/12 - 13*x**3/3 - 8392*x**2. Give d(-5).
-16
Let l(c) = -c**3 + 11*c**2 - 4*c - 23. Suppose 206*j - 15 = 201*j + 5*q, 78 = 5*j + 4*q. What is l(j)?
37
Let h be (-71)/(-4) - (39/(-12) - -3). Let t be (5 - 1)*h/4. Suppose -6*q + t = -3*q. Let s(w) = -w**3 + 6*w**2 + 4. Determine s(q).
4
Let j(z) be the second derivative of 13*z**3/6 - 135*z**2/2 + 1494*z. Determine j(11).
8
Let g(d) be the first derivative of 3*d**2/2 - 21*d + 2550. Determine g(0).
-21
Let u(f) = -f**3 - 2*f**2 - f - 1. Suppose 0 = -5*b, -642 = -n - 2*n + 4*b. Let h = 212 - n. Give u(h).
1
Suppose -42 = 749*y - 1540. Let k(t) be the first derivative of 3/2*t**y + 19 + 10*t. Calculate k(7).
31
Let z(x) be the third derivative of -1/6*x**3 + 0*x + 17*x**2 + 0. Let t(y) = y - 5. Let j(w) = -t(w) + z(w). What is j(-5)?
9
Let b be (-2)/3*(-11)/((-55)/(-15)). Let r(v) be the first derivative of b*v - v**3 + 3 - 1/4*v**4 - v**2. Calculate r(-2).
2
Let a(z) = -6*z + 70. Let j be a(10). Let i(m) = -11 + 29 - 9 - j - 11*m. Give i(-1).
10
Let p(n) = n**2 - 3*n - 11. Suppose -5*w = -7*w + 2*f + 10, 2 = 2*f. Calculate p(w).
7
Let i(w) = 2*w**2 - w**2 + 3*w**3 - w - 2*w**3. Suppose 0 = 38*k - 42*k + 96. Suppose -10*f = -34*f - k. Calculate i(f).
1
Suppose -y + 11 = 5*o, -3*y - y - 16 = 0. Let v(l) = -2071*l - 2 + 2074*l - 2*l**2 - l**2 + l**o. Calculate v(3).
7
Let r(k) = -2*k**3 + 4*k**2 - 2*k + 1. Let x be 140/(-14)*3/6 + 22. Let m(p) = p**2 - 17*p + 3. Let b be m(x). Determine r(b).
-23
Suppose 25624 = -15*y + 25399. Let f(o) = -11 - 3*o - 10 + 2*o. Calculate f(y).
-6
Let w(t) = 2*t**2 + 6*t - 7. Let d(m) = -237*m + 3. Let c be d(-1). Suppose 0 = 5*i + c - 215. Determine w(i).
13
Let o(n) = n**3 + 5*n**2 - 9*n - 7. Suppose -5*s - 101 = -86. Let v be 9/(25/(-20) - s/(-12)). Give o(v).
11
Suppose -16*y - 174097 = -646321. Let i(k) = -y + 29494 + 12*k - 3*k**2 + 2*k**2 + 3*k. What is i(14)?
-6
Let p(c) be the third derivative of c**5/60 + c**4/12 - c**3/3 - 7*c**2 + 12*c + 5. Give p(1).
1
Let b(h) be the first derivative of 1/3*h**3 + 0*h**2 - 2 + 2*h. Let s = 34 - 36. What is b(s)?
6
Let m(c) = c**3 + 11*c + 3. Let u(l) = -3*l**3 - 17*l**2 - 38*l + 17. Let k(s) = -2*m(s) - u(s). Calculate k(-16).
-23
Let f = -78841 + 78843. Let h(d) = -6*d + 3. Let p(a) = 7*a - 3. Let k(r) = -3*h(r) - 2*p(r). Determine k(f).
5
Let x(t) = -7*t**3 + 3*t**2 + 2*t + 1. Let b(c) = -19*c**3 + 61*c**2 + 5*c - 17. Let q(j) = -b(j) + 3*x(j). What is q(-26)?
-6
Let v(h) = h - 7. Let r(k) = -9*k - 7. Let a be r(-9). Suppose 0 = -3*p - 237 + 39. Let b = p + a. Give v(b).
1
Let t(k) be the third derivative of 7*k**2 - 1/12*k**5 + 0*k + 2/3*k**3 - 8 - 1/120*k**6 + 0*k**4. Determine t(-6).
40
Let p(d) be the third derivative of d**4/3 + d**3/2 - 4119*d**2. What is p(-7)?
-53
Let h(w) = -w**2 - 21*w + 32. Suppose 101*n + 6026 = -40*n - 121*n. Give h(n).
-14
Let v(u) = 20 + 8*u - 49 - u**2 + 24. Give v(13).
-70
Let d(o) = 4*o**2 - 24*o + 49. Let p(u) = 5*u**2 - 24*u + 50. Let n(a) = -4*d(a) + 3*p(a). Suppose -5*q + 1088*c + 55 = 1093*c, 99 = 2*q - 5*c. What is n(q)?
-2
Let p(c) = 3*c**2 + 6*c + 7. Let y(b) be the second derivative of -5*b**4/12 - 5*b**3/3 - 11*b**2/2 + 26*b. Let l(w) = -8*p(w) - 5*y(w). Give l(-5).
14
Let s(g) be the third derivative of -g**4/8 + 11*g**3/6 + 47*g**2 + 2*g. Let q be s(3). Let y(u) = -5*u + 4*u - 2 + 12*u + 4*u**2 - 5*u**q. Determine y(10).
8
Let t(s) be the first derivative of -s**3 - 3*s**2/2 + 9*s + 418. Give t(-5).
-51
Let v(p) = -p**2 + 6*p - 4. Let k be ((-2)/17)/(166/(-4233)). What is v(k)?
5
Suppose 2*h - 16 = -2*a, 3137*a + 16 = 3*h + 3136*a. Let r(m) = 8*m + 8. Give r(h).
56
Let d(j) = -19*j + 172. Suppose -z = 4*u + 3, 75*u - 30 = -3*z + 76*u. What is d(z)?
1
Let l(j) be the second derivative of 3*j**5/4 - j**4/12 - j**3/6 - j**2/2 - j + 2205. What is l(-2)?
-123
Let c(o) = -o**3 - 8*o**2 + 35*o + 14. Let k be 255/(-25) + 36/(-45). Let t be c(k). Let d(m) = -4*m - 8. Calculate d(t).
24
Let z(i) = 1 + 3*i**2 - i - 13*i**2 - 7*i**2 + 16*i**2. Let k be 9/(-4) + 3/12. Give z(k).
-1
Let o(l) be the first derivative of 21*l**2 + 21 + 1/12*l**4 + 1/60*l**5 + 1/3*l**3 + 0*l. Let m(n) be the second derivative of o(n). Determine m(-3).
5
Suppose -6*z = z + 56. Let t(s) be the third derivative of -s**5/60 - 5*s**4/12 - 3*s**3/2 + 172*s**2. Determine t(z).
7
Let v be 132/363 - (-360)/(-22) - 2*(-22)/4. Let r(h) be the third derivative of -h**6/120 - h**5/12 + h**4/24 + 8*h**3/3 + h**2. Determine r(v).
11
Let r(x) = x - 1. Let q(l) = 20*l + 106. Let t(w) = -62*w - 317. Let v(k) = 8*q(k) + 3*t(k). Let u be v(-4). Give r(u).
0
Let p(y) = -y**3 + 6*y**2 + 3*y - 5. Let q(i) = -23*i - 155. Let v be q(-7). Calculate p(v).
13
Let r be (4/3)/(3*(-4)/(-54)). Let s be (-3 + r - 4/4) + 0. Let x(o) = -113*o + 4 + 3*o**s - 5 + 112*o. Determine x(2).
9
Let i(l) = -l - 6. Let u = 7 + 5. Let w be (-64)/u + 8/(-12). Give i(w).
0
Suppose 331*v + 1079 + 751 = -487. Let h(q) = -q**2 - 19*q - 64. Determine h(v).
20
Let v(m) = -8 + m**3 + 689084*m + 2 + 5*m**2 - 689090*m. Let i = 10 + -16. What is v(i)?
-6
Let m = 3 - 0. Let q(s) = m*s - 10 + 0*s + 4 - 5*s. Suppose -6058 = -49*y - 6303. Give q(y).
4
Suppose -2*q + q = 5*j + 41, j + 3 = 5*q. Let s be j/(-6)*(13 + -16). Let m(l) be the first derivative of -l**4/4 - l**3 + 2*l**2 - 2*l - 20. Give m(s).
-2
Let a be (10/4)/((-20)/3*(-223)/(-1784)). Let p(q) = -1. Let z(g) = 2*g + 9. Let i(t) = -6*p(t) - z(t). Give i(a).
3
Let n(s) be the third derivative of 4*s**2 - 13/360*s**6 + 0*s - 1/24*s**4 + 1/6*s**3 - 1/120*s**5 + 0. Let f(p) be the first derivative of n(p). What is f(-1)?
-13
Let y(g) = -7 - 7*g - 6*g - 16 + 5 + 6*g. What is y(-5)?
17
Suppose 3*i = 68 - 80. Let x be (-9)/i*-32*(-6)/(-36). Let p(b) = b**3 + 13*b**2 + 10*b - 18. Determine p(x).
6
Let p(r) = 11*r - 1. Let x(j) = -33*j + 5. Let g(h) = 8*p(h) + 3*x(h). Let s(l) = 2*l + 1. Let m(c) = -g(c) - 5*s(c). Give m(7).
-5
Suppose -64*f - 5*t + 12 = -61*f, -3*f + 4*t = 15. Let x(m) = -9*m - 5. Calculate x(f).
4
Let u(t) = 110 - 251 + 78 + 69 - t**2. What is u(-6)?
-30
Let w(d) be the second derivative of -d**4/12 - d**3/3 - 2*d**2 - 309*d. Determine w(0).
-4
Let n(p) = -p + 3. Let f(v) = 3*v**3 + v. Suppose 24*w - 16 = 20*w. Let m(h) = 3*h - 11. Let z be m(w). Let g be f(z). What is n(g)?
-1
Let m(w) = -w**2 + 3*w. Suppose -5*p = -0